{"id":191,"date":"2023-03-03T15:24:40","date_gmt":"2023-03-03T15:24:40","guid":{"rendered":"https:\/\/lestontonspapas.fr\/?page_id=191"},"modified":"2026-01-25T09:38:32","modified_gmt":"2026-01-25T09:38:32","slug":"mentions-legales","status":"publish","type":"page","link":"https:\/\/lestontonspapas.fr\/?page_id=191","title":{"rendered":"Mentions L\u00e9gales"},"content":{"rendered":"<p>[et_pb_section fb_built=\u00a0\u00bb1&Prime; _builder_version=\u00a0\u00bb4.19.5&Prime; _module_preset=\u00a0\u00bbdefault\u00a0\u00bb global_colors_info=\u00a0\u00bb{}\u00a0\u00bb][et_pb_row _builder_version=\u00a0\u00bb4.19.5&Prime; _module_preset=\u00a0\u00bbdefault\u00a0\u00bb global_colors_info=\u00a0\u00bb{}\u00a0\u00bb][et_pb_column type=\u00a0\u00bb4_4&Prime; _builder_version=\u00a0\u00bb4.19.5&Prime; _module_preset=\u00a0\u00bbdefault\u00a0\u00bb global_colors_info=\u00a0\u00bb{}\u00a0\u00bb][et_pb_text _builder_version=\u00a0\u00bb4.19.5&Prime; _module_preset=\u00a0\u00bbdefault\u00a0\u00bb global_colors_info=\u00a0\u00bb{}\u00a0\u00bb]<\/p>\n<div id=\"main-content\">\n<article id=\"post-11\" class=\"post-11 page type-page status-publish hentry\">\n<div class=\"entry-content\">\n<div class=\"et-l et-l--post\">\n<div class=\"et_builder_inner_content et_pb_gutters3\">\n<div class=\"et_pb_section et_pb_section_0 et_section_regular et_pb_section_first\" data-fix-page-container=\"on\">\n<div class=\"et_pb_row et_pb_row_0\">\n<div class=\"et_pb_column et_pb_column_4_4 et_pb_column_0  et_pb_css_mix_blend_mode_passthrough et-last-child\">\n<div class=\"et_pb_module et_pb_text et_pb_text_0  et_pb_text_align_left et_pb_bg_layout_light\">\n<div class=\"et_pb_text_inner\">\n<p class=\"has-text-align-left\"><strong>LES TONTONS PAPAS<\/strong><\/p>\n<p><b>MENTIONS L\u00c9GALES<\/b><\/p>\n<p class=\"has-text-align-left\"><span>Conform\u00e9ment aux dispositions de la loi n\u00b0 2004-575 du 21 juin 2004 pour la confiance en l\u2019\u00e9conomie num\u00e9rique, il est pr\u00e9cis\u00e9 aux utilisateurs du site LES TONTONS PAPAS l\u2019identit\u00e9 des diff\u00e9rents intervenants dans le cadre de sa r\u00e9alisation et de son suivi.<\/span><\/p>\n<p><b>Edition du site\u00a0<\/b><\/p>\n<p><span>Le pr\u00e9sent site, accessible \u00e0 l\u2019URL https:\/\/lestontonspapas.fr\/, est \u00e9dit\u00e9 par :<\/span><\/p>\n<p><span>BAO Studio, soci\u00e9t\u00e9 au capital de 1000 euros, inscrite au R.C.S. de AGEN sous le num\u00e9ro RCS AGEN 909 325 599, dont le si\u00e8ge social est situ\u00e9 au 32 RUE ST EXUP\u00c9RY 47510 FOULAYRONNES, repr\u00e9sent\u00e9(e) par MANI BAUDET-LEST\u00c9 d\u00fbment habilit\u00e9.<\/span><\/p>\n<p><span>Le num\u00e9ro individuel TVA de l\u2019\u00e9diteur est : FR60831265863.<\/span><\/p>\n<p><b>H\u00e9bergement<\/b><\/p>\n<p><span>Le Site est h\u00e9berg\u00e9 par la soci\u00e9t\u00e9\u00a0<strong>HOSTINGER<\/strong>\u00a0INTERNATIONAL LTD, situ\u00e9e\u00a061 Lordou Vironos Street, 6023 Larnaca, Chypre, (contact t\u00e9l\u00e9phonique ou email : https:\/\/www.hostinger.fr\/contact).<\/span><\/p>\n<p><b>Directeur de publication\u00a0<\/b><\/p>\n<p><span>Le Directeur de la publication du Site est MICHEL PILOT-COUSIN.<\/span><\/p>\n<p><b>Nous contacter\u00a0<\/b><\/p>\n<p><span>Par t\u00e9l\u00e9phone : 05 53 93 55 55<\/span><\/p>\n<p><span>Par email : lestontonspapas@gmail.com<\/span><\/p>\n<p><span>Par courrier : 80 Grande Rue, 47700 Casteljaloux<\/span><\/p>\n<p><b>Donn\u00e9es personnelles<\/b><\/p>\n<p><span>Le traitement de vos donn\u00e9es \u00e0 caract\u00e8re personnel est r\u00e9gi par notre Charte du respect de la vie priv\u00e9e, disponible depuis la section \u201cPolitique de Cookies\u201d, conform\u00e9ment au R\u00e8glement G\u00e9n\u00e9ral sur la Protection des Donn\u00e9es 2016\/679 du 27 avril 2016 (\u00abRGPD\u00bb).<\/span><\/p>\n<p class=\"has-text-align-left\"><span>G\u00e9n\u00e9ration des mentions l\u00e9gales par\u00a0<\/span><a href=\"https:\/\/www.legalstart.fr\/\" rel=\"nofollow noopener\" target=\"_blank\"><span>Legalstart<\/span><\/a><span>.<\/span><\/p>\n<p class=\"has-text-align-left\"><strong><\/strong>This site is protected by reCAPTCHA and the Google\u00a0<a href=\"https:\/\/policies.google.com\/privacy\" rel=\"nofollow noopener\" target=\"_blank\">Privacy Policy<\/a>\u00a0and\u00a0<a href=\"https:\/\/policies.google.com\/terms\" rel=\"nofollow noopener\" target=\"_blank\">Terms of Service<\/a> apply.<\/p>\n<\/div>\n<\/div>\n<\/div>\n<\/div>\n<\/div>\n<\/div>\n<\/div>\n<\/div>\n<\/article>\n<\/div>\n<p>[\/et_pb_text][\/et_pb_column][\/et_pb_row][\/et_pb_section]<\/p>\n","protected":false},"excerpt":{"rendered":"<p>LES TONTONS PAPAS MENTIONS L\u00c9GALES Conform\u00e9ment aux dispositions de la loi n\u00b0 2004-575 du 21 juin 2004 pour la confiance en l\u2019\u00e9conomie num\u00e9rique, il est pr\u00e9cis\u00e9 aux utilisateurs du site LES TONTONS PAPAS l\u2019identit\u00e9 des diff\u00e9rents intervenants dans le cadre de sa r\u00e9alisation et de son suivi. Edition du site\u00a0 Le pr\u00e9sent site, accessible \u00e0 [&hellip;]<\/p>\n","protected":false},"author":1,"featured_media":0,"parent":0,"menu_order":0,"comment_status":"closed","ping_status":"closed","template":"","meta":{"_et_pb_use_builder":"on","_et_pb_old_content":"","_et_gb_content_width":"","footnotes":""},"class_list":["post-191","page","type-page","status-publish","hentry"],"jetpack_sharing_enabled":true,"_links":{"self":[{"href":"https:\/\/lestontonspapas.fr\/index.php?rest_route=\/wp\/v2\/pages\/191","targetHints":{"allow":["GET"]}}],"collection":[{"href":"https:\/\/lestontonspapas.fr\/index.php?rest_route=\/wp\/v2\/pages"}],"about":[{"href":"https:\/\/lestontonspapas.fr\/index.php?rest_route=\/wp\/v2\/types\/page"}],"author":[{"embeddable":true,"href":"https:\/\/lestontonspapas.fr\/index.php?rest_route=\/wp\/v2\/users\/1"}],"replies":[{"embeddable":true,"href":"https:\/\/lestontonspapas.fr\/index.php?rest_route=%2Fwp%2Fv2%2Fcomments&post=191"}],"version-history":[{"count":5,"href":"https:\/\/lestontonspapas.fr\/index.php?rest_route=\/wp\/v2\/pages\/191\/revisions"}],"predecessor-version":[{"id":664,"href":"https:\/\/lestontonspapas.fr\/index.php?rest_route=\/wp\/v2\/pages\/191\/revisions\/664"}],"wp:attachment":[{"href":"https:\/\/lestontonspapas.fr\/index.php?rest_route=%2Fwp%2Fv2%2Fmedia&parent=191"}],"curies":[{"name":"wp","href":"https:\/\/api.w.org\/{rel}","templated":true}]}}